 34000370?
2, 5, 109, 31193
List the prime factors of 3513834.
2, 3, 65071
What are the prime factors of 1381936?
2, 86371
What are the prime factors of 13954561?
13954561
What are the prime factors of 290153?
257, 1129
List the prime factors of 819605.
5, 23, 7127
List the prime factors of 3305.
5, 661
What are the prime factors of 1899772?
2, 7, 19, 3571
What are the prime factors of 3634725?
3, 5, 48463
List the prime factors of 2958675.
3, 5, 103, 383
List the prime factors of 19746209.
7, 2820887
What are the prime factors of 240474?
2, 3, 13, 3083
What are the prime factors of 598273?
13, 46021
List the prime factors of 3691909.
13, 19, 14947
List the prime factors of 28399548.
2, 3, 2366629
What are the prime factors of 637002?
2, 3, 43, 823
List the prime factors of 21834004.
2, 5458501
What are the prime factors of 1754339?
71, 24709
What are the prime factors of 2581596?
2, 3, 71711
What are the prime factors of 313834?
2, 37, 4241
What are the prime factors of 701219?
701219
List the prime factors of 220398.
2, 3, 109, 337
List the prime factors of 2776965.
3, 5, 185131
List the prime factors of 386334.
2, 3, 13, 127
What are the prime factors of 2470299?
3, 13, 97, 653
What are the prime factors of 241799?
23, 10513
What are the prime factors of 4052047?
61, 181, 367
What are the prime factors of 728505?
3, 5, 16189
What are the prime factors of 13747591?
11, 13, 96137
What are the prime factors of 373946?
2, 181, 1033
What are the prime factors of 8934792?
2, 3, 17, 61, 359
List the prime factors of 8610050.
2, 5, 23, 7487
What are the prime factors of 227546?
2, 11, 10343
What are the prime factors of 15554261?
43, 361727
List the prime factors of 992069.
13, 17, 67
List the prime factors of 543140.
2, 5, 13, 2089
List the prime factors of 574753.
17, 33809
List the prime factors of 6449204.
2, 331, 4871
What are the prime factors of 5839559?
11, 530869
List the prime factors of 3712063.
3712063
List the prime factors of 12869873.
12869873
What are the prime factors of 28391201?
101, 401, 701
What are the prime factors of 742435?
5, 83, 1789
What are the prime factors of 3115918?
2, 13, 37, 41, 79
What are the prime factors of 383395?
5, 76679
What are the prime factors of 1322085?
3, 5, 53, 1663
What are the prime factors of 2119701?
3, 73, 9679
What are the prime factors of 1606228?
2, 13, 17, 23, 79
What are the prime factors of 23418006?
2, 3, 3903001
What are the prime factors of 22926280?
2, 5, 13, 44089
What are the prime factors of 835549?
11, 13, 5843
What are the prime factors of 1526510?
2, 5, 23, 6637
List the prime factors of 623031.
3, 97, 2141
What are the prime factors of 17464706?
2, 7, 1247479
What are the prime factors of 3699575?
5, 11, 1223
List the prime factors of 2209284.
2, 3, 7, 11, 797
What are the prime factors of 79829?
79829
What are the prime factors of 2140609?
2140609
What are the prime factors of 913333?
349, 2617
What are the prime factors of 629557?
71, 8867
What are the prime factors of 5844925?
5, 113, 2069
List the prime factors of 5633195.
5, 41, 27479
What are the prime factors of 119621?
37, 53, 61
List the prime factors of 14855240.
2, 5, 23, 67, 241
List the prime factors of 3193660.
2, 5, 159683
What are the prime factors of 20826959?
29, 718171
List the prime factors of 936218.
2, 468109
What are the prime factors of 3848746?
2, 11, 174943
List the prime factors of 129238.
2, 19, 179
What are the prime factors of 4781817?
3, 599, 887
What are the prime factors of 965073?
3, 17, 127, 149
List the prime factors of 856800.
2, 3, 5, 7, 17
What are the prime factors of 36775416?
2, 3, 97, 15797
What are the prime factors of 9415158?
2, 3, 41, 38273
What are the prime factors of 1680092?
2, 67, 6269
List the prime factors of 401965.
5, 17, 4729
List the prime factors of 499005.
3, 5, 13, 853
What are the prime factors of 9166767?
3, 3055589
List the prime factors of 173928.
2, 3, 7247
List the prime factors of 1311606.
2, 3, 107, 227
What are the prime factors of 5059654?
2, 2529827
List the prime factors of 18707040.
2, 3, 5, 11, 1181
What are the prime factors of 140877?
3, 11, 1423
List the prime factors of 1983002.
2, 7, 197, 719
What are the prime factors of 947406?
2, 3, 157901
What are the prime factors of 1384987?
31, 43, 1039
List the prime factors of 521091.
3, 57899
List the prime factors of 152998.
2, 227, 337
What are the prime factors of 309756?
2, 3, 83, 311
What are the prime factors of 212217?
3, 127, 557
What are the prime factors of 14720?
2, 5, 23
What are the prime factors of 310212?
2, 3, 7, 1231
List the prime factors of 717424.
2, 44839
List the prime factors of 1048682.
2, 524341
List the prime factors of 165558.
2, 3, 41, 673
What are the prime factors of 1918602?
2, 3, 7, 15227
List the prime factors of 168676.
2, 42169
What are the prime factors of 1881362?
2, 7, 61, 2203
What are the prime factors of 243926?
2, 121963
What are the prime factors of 8342142?
2, 3, 1390357
What are the prime factors of 190326?
2, 3, 31721
What are the prime factors of 958365?
3, 5, 31, 229
List the prime factors of 13313302.
2, 67, 73, 1361
What are the prime factors of 7748841?
3, 2582947
What are the prime factors of 348075?
3, 5, 7, 13, 17
What are the prime factors of 16063198?
2, 17, 27791
What are the prime factors of 2852597?
11, 173, 1499
List the prime factors of 3451281.
3, 353, 3259
List the prime factors of 9103449.
3, 17, 103, 1733
List the prime factors of 7695323.
19, 43, 9419
List the prime factors of 2039339.
2039339
What are the prime factors of 322908?
2, 3, 71, 379
List the prime factors of 75180.
2, 3, 5, 7, 179
List the prime factors of 805252.
2, 7, 28759
What are the prime factors of 292602?
2, 3, 48767
What are the prime factors of 134607?
3, 11, 4079
What are the prime factors of 284827?
41, 6947
List the prime factors of 448039.
19, 23581
What are the prime factors of 7958904?
2, 3, 53, 6257
What are the prime factors of 1548088?
2, 17, 11383
What are the prime factors of 156305?
5, 43, 727
List the prime factors of 278347.
278347
What are the prime factors of 578914?
2, 7, 41351
What are the prime factors of 12274976?
2, 7, 54799
List the prime factors of 13260371.
13260371
List the prime factors of 12214720.
2, 5, 7, 19, 41
List the prime factors of 4799453.
4799453
What are the prime factors of 1646331?
3, 17, 19, 1699
List the prime factors of 1500941.
13, 263, 439
List the prime factors of 5336261.
7, 29, 97, 271
List the prime factors of 636066.
2, 3, 11779
List the prime factors of 1268179.
11, 31, 3719
List the prime factors of 561506.
2, 11, 25523
List the prime factors of 655885.
5, 47, 2791
What are the prime factors of 2939?
2939
What are the prime factors of 8246446?
2, 13, 317171
What are the prime factors of 409038?
2, 3, 7, 9739
What are the prime factors of 9715555?
5, 19, 31, 3299
What are the prime factors of 7166633?
7166633
What are the prime factors of 11892343?
11892343
List the prime factors of 13642384.
2, 7, 17401
List the prime factors of 624563.
17, 36739
What are the prime factors of 1842662?
2, 921331
What are the prime factors of 285325?
5, 101, 113
List the prime factors of 3420193.
7, 359, 1361
List the prime factors of 615892.
2, 107, 1439
List the prime factors of 5468212.
2, 379, 3607
What are the prime factors of 226635?
3, 5, 29, 521
What are the prime factors of 389596?
2, 173, 563
What are the prime factors of 986818?
2, 7, 70487
List the prime factors of 853696.
2, 13339
List the prime factors of 681362.
2, 11, 30971
List the prime factors of 5080851.
3, 181, 3119
What are the prime factors of 624958?
2, 89, 3511
What are the prime factors of 7532949?
3, 19, 132157
What are the prime factors of 831819?
3, 277273
What are the prime factors of 31252434?
2, 3, 5208739
What are the prime factors of 22204421?
22204421
What are the prime factors of 458986?
2, 11, 31, 673
List the prime factors of 13086204.
2, 3, 89, 12253
What are the prime factors of 178651?
11, 109, 149
List the prime factors of 915473.
13, 5417
What are the prime factors of 3539203?
83, 42641
List the prime factors of 198697.
23, 53, 163
What are the prime factors of 305448?
2, 3, 11, 13, 89
What are the prime factors of 4295640?
2, 3, 5, 35797
W